{"id":74,"date":"2024-02-05T17:28:43","date_gmt":"2024-02-05T17:28:43","guid":{"rendered":"https:\/\/www.bhpet.com.br\/?post_type=product&#038;p=74"},"modified":"2026-03-09T18:03:26","modified_gmt":"2026-03-09T18:03:26","slug":"racao-quatree-life-para-caes-adultos-de-porte-pequeno-sabor-frango-e-arroz-10kg","status":"publish","type":"product","link":"https:\/\/www.bhpet.com.br\/?product=racao-quatree-life-para-caes-adultos-de-porte-pequeno-sabor-frango-e-arroz-10kg","title":{"rendered":"Ra\u00e7\u00e3o Quatree Life para C\u00e3es Adultos de Porte Pequeno Sabor Frango e Arroz 10KG"},"content":{"rendered":"<p>&#8211; Indicada para c\u00e3es;<br \/>\n&#8211; Alimento formulado com antioxidantes naturais e complexo de vegetais para promover vitalidade e bem-estar do c\u00e3o;<br \/>\n&#8211; Isento de ingredientes transg\u00eanicos, corantes, aromatizantes e conservantes artificiais (BHT e BHA);<br \/>\n&#8211; Hexametafosfato de s\u00f3dio evita a forma\u00e7\u00e3o de t\u00e1rtaro e mant\u00e9m o h\u00e1lito saud\u00e1vel;<br \/>\n&#8211; Cont\u00e9m beta-glucano 1,3-1,6 e complexo de antioxidantes para fortalecer as defesas naturais do organismo;<br \/>\n&#8211; Ingredientes saud\u00e1veis de baixo \u00edndice glic\u00eamico, ricos em fibras naturais, fornecendo saciedade e vitaminas\/minerais;<br \/>\n&#8211; Rico em \u00e1cidos graxos essenciais (\u00f4mega 3 e 6), biotina e zinco quelatado, mantendo a sa\u00fade da pele e a beleza da pelagem;<br \/>\n&#8211; A inclus\u00e3o de prebi\u00f3ticos, yucca e ze\u00f3lita promove a sa\u00fade intestinal e contribui para fezes mais firmes com redu\u00e7\u00e3o de odor e volume.<\/p>\n<ul>\n<li class=\"specifications \"><span class=\"spec-key\">Idade: <\/span><span class=\"spec-value\">Adulto<\/span><\/li>\n<li class=\"specifications \"><span class=\"spec-key\">Pet: <\/span><span class=\"spec-value\">Cachorros<\/span><\/li>\n<li class=\"specifications \"><span class=\"spec-key\">Porte de Ra\u00e7a <\/span><span class=\"spec-value\">Mini e Pequeno<\/span><\/li>\n<li class=\"specifications \"><span class=\"spec-key\">Sabor: <\/span>Frango e arroz<\/li>\n<li class=\"specifications \"><span class=\"spec-key\">Tipo: <\/span>Ra\u00e7\u00e3o para c\u00e3es adultos de porte pequeno<\/li>\n<\/ul>\n","protected":false},"excerpt":{"rendered":"<p>&#8211; Indicada para c\u00e3es; &#8211; Alimento formulado com antioxidantes naturais e complexo de vegetais para promover vitalidade e bem-estar do&hellip;<\/p>\n","protected":false},"featured_media":73,"comment_status":"open","ping_status":"closed","template":"","meta":[],"product_cat":[24],"product_tag":[],"_links":{"self":[{"href":"https:\/\/www.bhpet.com.br\/index.php?rest_route=\/wp\/v2\/product\/74"}],"collection":[{"href":"https:\/\/www.bhpet.com.br\/index.php?rest_route=\/wp\/v2\/product"}],"about":[{"href":"https:\/\/www.bhpet.com.br\/index.php?rest_route=\/wp\/v2\/types\/product"}],"replies":[{"embeddable":true,"href":"https:\/\/www.bhpet.com.br\/index.php?rest_route=%2Fwp%2Fv2%2Fcomments&post=74"}],"wp:featuredmedia":[{"embeddable":true,"href":"https:\/\/www.bhpet.com.br\/index.php?rest_route=\/wp\/v2\/media\/73"}],"wp:attachment":[{"href":"https:\/\/www.bhpet.com.br\/index.php?rest_route=%2Fwp%2Fv2%2Fmedia&parent=74"}],"wp:term":[{"taxonomy":"product_cat","embeddable":true,"href":"https:\/\/www.bhpet.com.br\/index.php?rest_route=%2Fwp%2Fv2%2Fproduct_cat&post=74"},{"taxonomy":"product_tag","embeddable":true,"href":"https:\/\/www.bhpet.com.br\/index.php?rest_route=%2Fwp%2Fv2%2Fproduct_tag&post=74"}],"curies":[{"name":"wp","href":"https:\/\/api.w.org\/{rel}","templated":true}]}}