{"id":316,"date":"2025-03-21T18:06:02","date_gmt":"2025-03-21T18:06:02","guid":{"rendered":"https:\/\/www.bhpet.com.br\/?post_type=product&#038;p=316"},"modified":"2025-04-22T18:37:40","modified_gmt":"2025-04-22T18:37:40","slug":"areia-sanitaria-alfapet-gatissimo-premium-perfumada-para-gatos-4kg","status":"publish","type":"product","link":"https:\/\/www.bhpet.com.br\/?product=areia-sanitaria-alfapet-gatissimo-premium-perfumada-para-gatos-4kg","title":{"rendered":"Areia Sanit\u00e1ria Alfapet Gat\u00edssimo Premium Perfumada para Gatos 4KG"},"content":{"rendered":"<p>&#8211; Inibe a prolifera\u00e7\u00e3o de bact\u00e9rias;<br \/>\n&#8211; Mant\u00e9m a bandeja sempre seca;<br \/>\n&#8211; Sem fragr\u00e2ncia, neutraliza maus odores;<br \/>\n&#8211; Uso para todos os tipos de granulados sanit\u00e1rios.<\/p>\n","protected":false},"excerpt":{"rendered":"<p>&#8211; Inibe a prolifera\u00e7\u00e3o de bact\u00e9rias; &#8211; Mant\u00e9m a bandeja sempre seca; &#8211; Sem fragr\u00e2ncia, neutraliza maus odores; &#8211; Uso&hellip;<\/p>\n","protected":false},"featured_media":317,"comment_status":"open","ping_status":"closed","template":"","meta":[],"product_cat":[15],"product_tag":[],"_links":{"self":[{"href":"https:\/\/www.bhpet.com.br\/index.php?rest_route=\/wp\/v2\/product\/316"}],"collection":[{"href":"https:\/\/www.bhpet.com.br\/index.php?rest_route=\/wp\/v2\/product"}],"about":[{"href":"https:\/\/www.bhpet.com.br\/index.php?rest_route=\/wp\/v2\/types\/product"}],"replies":[{"embeddable":true,"href":"https:\/\/www.bhpet.com.br\/index.php?rest_route=%2Fwp%2Fv2%2Fcomments&post=316"}],"wp:featuredmedia":[{"embeddable":true,"href":"https:\/\/www.bhpet.com.br\/index.php?rest_route=\/wp\/v2\/media\/317"}],"wp:attachment":[{"href":"https:\/\/www.bhpet.com.br\/index.php?rest_route=%2Fwp%2Fv2%2Fmedia&parent=316"}],"wp:term":[{"taxonomy":"product_cat","embeddable":true,"href":"https:\/\/www.bhpet.com.br\/index.php?rest_route=%2Fwp%2Fv2%2Fproduct_cat&post=316"},{"taxonomy":"product_tag","embeddable":true,"href":"https:\/\/www.bhpet.com.br\/index.php?rest_route=%2Fwp%2Fv2%2Fproduct_tag&post=316"}],"curies":[{"name":"wp","href":"https:\/\/api.w.org\/{rel}","templated":true}]}}