{"id":314,"date":"2025-03-21T18:04:27","date_gmt":"2025-03-21T18:04:27","guid":{"rendered":"https:\/\/www.bhpet.com.br\/?post_type=product&#038;p=314"},"modified":"2026-02-09T14:22:33","modified_gmt":"2026-02-09T14:22:33","slug":"aditivo-antiodor-kelco-pipicat-antibacterial-500g","status":"publish","type":"product","link":"https:\/\/www.bhpet.com.br\/?product=aditivo-antiodor-kelco-pipicat-antibacterial-500g","title":{"rendered":"Aditivo Antiodor Kelco Pipicat Antibacterial 500G"},"content":{"rendered":"<p>&#8211; Inibe a prolifera\u00e7\u00e3o de bact\u00e9rias;<br \/>\n&#8211; Mant\u00e9m a bandeja sempre seca;<br \/>\n&#8211; Sem fragr\u00e2ncia, neutraliza maus odores;<br \/>\n&#8211; Uso para todos os tipos de granulados sanit\u00e1rios.<\/p>\n","protected":false},"excerpt":{"rendered":"<p>&#8211; Inibe a prolifera\u00e7\u00e3o de bact\u00e9rias; &#8211; Mant\u00e9m a bandeja sempre seca; &#8211; Sem fragr\u00e2ncia, neutraliza maus odores; &#8211; Uso&hellip;<\/p>\n","protected":false},"featured_media":315,"comment_status":"open","ping_status":"closed","template":"","meta":[],"product_cat":[15],"product_tag":[],"_links":{"self":[{"href":"https:\/\/www.bhpet.com.br\/index.php?rest_route=\/wp\/v2\/product\/314"}],"collection":[{"href":"https:\/\/www.bhpet.com.br\/index.php?rest_route=\/wp\/v2\/product"}],"about":[{"href":"https:\/\/www.bhpet.com.br\/index.php?rest_route=\/wp\/v2\/types\/product"}],"replies":[{"embeddable":true,"href":"https:\/\/www.bhpet.com.br\/index.php?rest_route=%2Fwp%2Fv2%2Fcomments&post=314"}],"wp:featuredmedia":[{"embeddable":true,"href":"https:\/\/www.bhpet.com.br\/index.php?rest_route=\/wp\/v2\/media\/315"}],"wp:attachment":[{"href":"https:\/\/www.bhpet.com.br\/index.php?rest_route=%2Fwp%2Fv2%2Fmedia&parent=314"}],"wp:term":[{"taxonomy":"product_cat","embeddable":true,"href":"https:\/\/www.bhpet.com.br\/index.php?rest_route=%2Fwp%2Fv2%2Fproduct_cat&post=314"},{"taxonomy":"product_tag","embeddable":true,"href":"https:\/\/www.bhpet.com.br\/index.php?rest_route=%2Fwp%2Fv2%2Fproduct_tag&post=314"}],"curies":[{"name":"wp","href":"https:\/\/api.w.org\/{rel}","templated":true}]}}