{"id":310,"date":"2025-03-21T18:01:42","date_gmt":"2025-03-21T18:01:42","guid":{"rendered":"https:\/\/www.bhpet.com.br\/?post_type=product&#038;p=310"},"modified":"2026-02-09T14:23:39","modified_gmt":"2026-02-09T14:23:39","slug":"granulado-sanitario-kelco-pipicat-bianco-18kg","status":"publish","type":"product","link":"https:\/\/www.bhpet.com.br\/?product=granulado-sanitario-kelco-pipicat-bianco-18kg","title":{"rendered":"Granulado Sanit\u00e1rio Kelco Pipicat Bianco 1,8KG"},"content":{"rendered":"<p>&#8211; Sem fragr\u00e2ncia, n\u00e3o forma torr\u00e3o;<br \/>\n&#8211; Branco e higi\u00eanico, com Ph neutro;<br \/>\n&#8211; Leve, f\u00e1cil de transportar e abastecer;<br \/>\n&#8211; Controle de odores, natural e at\u00f3xico;<br \/>\n&#8211; Gr\u00e3os grandes, n\u00e3o gruda nas patinhas.<\/p>\n","protected":false},"excerpt":{"rendered":"<p>&#8211; Sem fragr\u00e2ncia, n\u00e3o forma torr\u00e3o; &#8211; Branco e higi\u00eanico, com Ph neutro; &#8211; Leve, f\u00e1cil de transportar e abastecer;&hellip;<\/p>\n","protected":false},"featured_media":311,"comment_status":"open","ping_status":"closed","template":"","meta":[],"product_cat":[15],"product_tag":[],"_links":{"self":[{"href":"https:\/\/www.bhpet.com.br\/index.php?rest_route=\/wp\/v2\/product\/310"}],"collection":[{"href":"https:\/\/www.bhpet.com.br\/index.php?rest_route=\/wp\/v2\/product"}],"about":[{"href":"https:\/\/www.bhpet.com.br\/index.php?rest_route=\/wp\/v2\/types\/product"}],"replies":[{"embeddable":true,"href":"https:\/\/www.bhpet.com.br\/index.php?rest_route=%2Fwp%2Fv2%2Fcomments&post=310"}],"wp:featuredmedia":[{"embeddable":true,"href":"https:\/\/www.bhpet.com.br\/index.php?rest_route=\/wp\/v2\/media\/311"}],"wp:attachment":[{"href":"https:\/\/www.bhpet.com.br\/index.php?rest_route=%2Fwp%2Fv2%2Fmedia&parent=310"}],"wp:term":[{"taxonomy":"product_cat","embeddable":true,"href":"https:\/\/www.bhpet.com.br\/index.php?rest_route=%2Fwp%2Fv2%2Fproduct_cat&post=310"},{"taxonomy":"product_tag","embeddable":true,"href":"https:\/\/www.bhpet.com.br\/index.php?rest_route=%2Fwp%2Fv2%2Fproduct_tag&post=310"}],"curies":[{"name":"wp","href":"https:\/\/api.w.org\/{rel}","templated":true}]}}