{"id":283,"date":"2025-03-21T16:54:50","date_gmt":"2025-03-21T16:54:50","guid":{"rendered":"https:\/\/www.bhpet.com.br\/?post_type=product&#038;p=283"},"modified":"2025-04-22T18:39:24","modified_gmt":"2025-04-22T18:39:24","slug":"racao-premier-pet-formula-caes-adultos-racas-pequenas-15kg","status":"publish","type":"product","link":"https:\/\/www.bhpet.com.br\/?product=racao-premier-pet-formula-caes-adultos-racas-pequenas-15kg","title":{"rendered":"Ra\u00e7\u00e3o Premier Pet Formula C\u00e3es Adultos Ra\u00e7as Pequenas 15KG"},"content":{"rendered":"<p>&#8211; Alimento rico em nutrientes, promove a pelagem bonita e pele saud\u00e1vel;<br \/>\n&#8211; Combina\u00e7\u00e3o de ingredientes de alta digestibilidade, fibras especiais e prebi\u00f3tico;<br \/>\n&#8211; Rico em prote\u00ednas de alta qualidade, equil\u00edbrio ideal de \u00e1cidos graxos essenciais;<br \/>\n&#8211; Sa\u00fade e vitalidade com sabor excepcional: ingredientes ricos em vitaminas e minerais que promovem a sa\u00fade associada a um sabor irresist\u00edvel.<\/p>\n","protected":false},"excerpt":{"rendered":"<p>&#8211; Alimento rico em nutrientes, promove a pelagem bonita e pele saud\u00e1vel; &#8211; Combina\u00e7\u00e3o de ingredientes de alta digestibilidade, fibras&hellip;<\/p>\n","protected":false},"featured_media":284,"comment_status":"open","ping_status":"closed","template":"","meta":[],"product_cat":[15],"product_tag":[],"_links":{"self":[{"href":"https:\/\/www.bhpet.com.br\/index.php?rest_route=\/wp\/v2\/product\/283"}],"collection":[{"href":"https:\/\/www.bhpet.com.br\/index.php?rest_route=\/wp\/v2\/product"}],"about":[{"href":"https:\/\/www.bhpet.com.br\/index.php?rest_route=\/wp\/v2\/types\/product"}],"replies":[{"embeddable":true,"href":"https:\/\/www.bhpet.com.br\/index.php?rest_route=%2Fwp%2Fv2%2Fcomments&post=283"}],"wp:featuredmedia":[{"embeddable":true,"href":"https:\/\/www.bhpet.com.br\/index.php?rest_route=\/wp\/v2\/media\/284"}],"wp:attachment":[{"href":"https:\/\/www.bhpet.com.br\/index.php?rest_route=%2Fwp%2Fv2%2Fmedia&parent=283"}],"wp:term":[{"taxonomy":"product_cat","embeddable":true,"href":"https:\/\/www.bhpet.com.br\/index.php?rest_route=%2Fwp%2Fv2%2Fproduct_cat&post=283"},{"taxonomy":"product_tag","embeddable":true,"href":"https:\/\/www.bhpet.com.br\/index.php?rest_route=%2Fwp%2Fv2%2Fproduct_tag&post=283"}],"curies":[{"name":"wp","href":"https:\/\/api.w.org\/{rel}","templated":true}]}}